{"id":1116,"date":"2023-02-23T19:53:05","date_gmt":"2023-02-23T19:53:05","guid":{"rendered":"https:\/\/sah.ba\/?page_id=1116"},"modified":"2023-02-23T20:02:57","modified_gmt":"2023-02-23T20:02:57","slug":"sk-neretva-jablanica","status":"publish","type":"page","link":"https:\/\/sah.ba\/index.php\/sk-neretva-jablanica\/","title":{"rendered":"\u0160K &#8220;NERETVA&#8221; Jablanica"},"content":{"rendered":"\n\n\n<div pagelayer-id=\"2mi4617\" class=\"p-2mi4617 pagelayer-text\" style=\"font-family: Roboto, sans-serif; font-size: 14px; font-style: normal; font-weight: 400; transition-property: all; width: 799px;\"><div class=\"pagelayer-text-holder\" style=\"font-size: 14px;\"><p style=\"font-size: 14px; font-weight: 400;\"><strong style=\"font-size: 14px;\">Predsjednik kluba:&nbsp;<\/strong>Mustafa Red\u017ei\u0107<\/p><\/div><\/div><div pagelayer-id=\"m6g8233\" class=\"p-m6g8233 pagelayer-text\" style=\"font-family: Roboto, sans-serif; font-size: 14px; font-style: normal; font-weight: 400; transition-property: all; width: 799px;\"><div class=\"pagelayer-text-holder\" style=\"font-size: 14px;\"><p style=\"font-size: 14px; font-weight: 400;\"><b style=\"font-family: inherit; font-style: inherit; background-color: transparent;\">Potpredsjednik kluba<\/b><span style=\"font-size: 14px; background-color: transparent;\">: D\u017eemal Red\u017ei\u0107<\/span><\/p><\/div><\/div><div pagelayer-id=\"fa68128\" class=\"p-fa68128 pagelayer-text\" style=\"font-family: Roboto, sans-serif; font-size: 14px; font-style: normal; font-weight: 400; transition-property: all; width: 799px;\"><div class=\"pagelayer-text-holder\" style=\"font-size: 14px;\"><p style=\"font-size: 14px; font-weight: 400;\"><span style=\"font-size: 14px; background-color: transparent;\"><\/span><strong style=\"font-size: 14px; background-color: transparent;\">Naziv banke:&nbsp;<\/strong><span style=\"font-size: 14px; background-color: transparent;\">ASA banka<\/span><\/p><\/div><\/div><div pagelayer-id=\"5r83914\" class=\"p-5r83914 pagelayer-text\" style=\"font-family: Roboto, sans-serif; font-size: 14px; font-style: normal; font-weight: 400; transition-property: all; width: 799px;\"><div class=\"pagelayer-text-holder\" style=\"font-size: 14px;\"><p style=\"font-size: 14px; font-weight: 400;\"><span style=\"font-size: 14px; background-color: transparent;\"><\/span><strong style=\"font-size: 14px; background-color: transparent;\">Broj \u017eiro ra\u010duna:&nbsp;<\/strong><span style=\"font-size: 14px; background-color: transparent;\">13467310006894757<\/span><\/p><\/div><\/div><div pagelayer-id=\"tf088\" class=\"p-tf088 pagelayer-text\" style=\"font-family: Roboto, sans-serif; font-size: 14px; font-style: normal; font-weight: 400; transition-property: all; width: 799px;\"><div class=\"pagelayer-text-holder\" style=\"font-size: 14px;\"><p style=\"font-size: 14px;\"><span style=\"font-size: 14px; background-color: transparent;\"><\/span><span style=\"font-size: 14px; font-weight: bold; background-color: transparent;\">Broj telefona<\/span><span style=\"font-size: 14px; font-weight: 400; background-color: transparent;\">:&nbsp;<\/span><span style=\"font-size: 14px; font-weight: 400; background-color: transparent;\">061169262<\/span><\/p><\/div><\/div><div pagelayer-id=\"5ih9095\" class=\"p-5ih9095 pagelayer-text\" style=\"font-family: Roboto, sans-serif; font-size: 14px; font-style: normal; transition-property: all; width: 799px;\"><div class=\"pagelayer-text-holder\" style=\"font-size: 14px;\"><p style=\"font-size: 14px;\"><span style=\"font-size: 14px; background-color: transparent;\"><\/span><strong style=\"font-size: 14px; background-color: transparent;\">E-mail<\/strong><strong style=\"font-weight: 400; font-size: 14px; background-color: transparent;\">: <\/strong><span style=\"font-size: 14px; background-color: transparent;\">muca14@windowslive.com<\/span><\/p><\/div><\/div><div pagelayer-id=\"azl4407\" class=\"p-azl4407 pagelayer-text\" style=\"font-family: Roboto, sans-serif; font-size: 14px; font-style: normal; font-weight: 400; transition-property: all; width: 799px;\"><div class=\"pagelayer-text-holder\" style=\"font-size: 14px;\"><p style=\"font-size: 14px;\"><span style=\"font-size: 14px; background-color: transparent;\"><strong style=\"font-size: 14px;\"><a href=\"https:\/\/www.facebook.com\/profile.php?id=100064119698462&amp;mibextid=LQQJ4d\" style=\"font-size: 14px;\"><\/a><\/strong><\/span><strong style=\"font-size: 14px; background-color: transparent;\">Adresa:&nbsp;<\/strong><span style=\"font-size: 14px; background-color: transparent;\">\u017drtava Genocida u Srebrenici br. 8, Jablanica 88420<\/span><\/p><\/div><\/div>\n\n\n","protected":false},"excerpt":{"rendered":"","protected":false},"author":1,"featured_media":0,"parent":0,"menu_order":0,"comment_status":"closed","ping_status":"closed","template":"","meta":{"footnotes":""},"class_list":["post-1116","page","type-page","status-publish","hentry"],"blog_post_layout_featured_media_urls":{"thumbnail":"","full":""},"categories_names":null,"comments_number":0,"wpmagazine_modules_lite_featured_media_urls":{"thumbnail":"","cvmm-medium":"","cvmm-medium-plus":"","cvmm-portrait":"","cvmm-medium-square":"","cvmm-large":"","cvmm-small":"","full":""},"_links":{"self":[{"href":"https:\/\/sah.ba\/index.php\/wp-json\/wp\/v2\/pages\/1116","targetHints":{"allow":["GET"]}}],"collection":[{"href":"https:\/\/sah.ba\/index.php\/wp-json\/wp\/v2\/pages"}],"about":[{"href":"https:\/\/sah.ba\/index.php\/wp-json\/wp\/v2\/types\/page"}],"author":[{"embeddable":true,"href":"https:\/\/sah.ba\/index.php\/wp-json\/wp\/v2\/users\/1"}],"replies":[{"embeddable":true,"href":"https:\/\/sah.ba\/index.php\/wp-json\/wp\/v2\/comments?post=1116"}],"version-history":[{"count":0,"href":"https:\/\/sah.ba\/index.php\/wp-json\/wp\/v2\/pages\/1116\/revisions"}],"wp:attachment":[{"href":"https:\/\/sah.ba\/index.php\/wp-json\/wp\/v2\/media?parent=1116"}],"curies":[{"name":"wp","href":"https:\/\/api.w.org\/{rel}","templated":true}]}}