{"id":749,"date":"2022-12-06T18:51:04","date_gmt":"2022-12-06T18:51:04","guid":{"rendered":"https:\/\/sah.ba\/?page_id=749"},"modified":"2022-12-06T18:56:14","modified_gmt":"2022-12-06T18:56:14","slug":"sk-ingsma-gorazde","status":"publish","type":"page","link":"https:\/\/sah.ba\/index.php\/sk-ingsma-gorazde\/","title":{"rendered":"\u0160K &#8220;INGSMA&#8221; Gora\u017ede"},"content":{"rendered":"\n\n\n<div pagelayer-id=\"c012244\" class=\"p-c012244 pagelayer-text\" style=\"font-family: Roboto, sans-serif; font-size: 14px; font-style: normal; font-weight: 400; transition-property: all; width: 799px;\"><div class=\"pagelayer-text-holder\" style=\"font-size: 14px;\"><p style=\"font-size: 14px;\"><span style=\"font-size: 14px; font-weight: bold;\">Predsjednik kluba<\/span>: Aida Smaji\u0107<\/p><\/div><\/div><div pagelayer-id=\"pxf8806\" class=\"p-pxf8806 pagelayer-text\" style=\"font-family: Roboto, sans-serif; font-size: 14px; font-style: normal; transition-property: all; width: 799px;\"><div class=\"pagelayer-text-holder\" style=\"font-size: 14px;\"><p style=\"font-size: 14px;\"><b>Predsjednik skup\u0161tine Udru\u017eenja: <\/b>Ervin Smaji\u0107<\/p><\/div><\/div><div pagelayer-id=\"sdd245\" class=\"p-sdd245 pagelayer-text\" style=\"font-family: Roboto, sans-serif; font-size: 14px; font-style: normal; font-weight: 400; transition-property: all; width: 799px;\"><div class=\"pagelayer-text-holder\" style=\"font-size: 14px;\"><p style=\"font-size: 14px;\"><span style=\"font-size: 14px; font-weight: bold;\">Broj \u017eiro ra\u010duna<\/span>: 1011400078059069<\/p><\/div><\/div><div pagelayer-id=\"wh25013\" class=\"p-wh25013 pagelayer-text\" style=\"font-family: Roboto, sans-serif; font-size: 14px; font-style: normal; font-weight: 400; transition-property: all; width: 799px;\"><div class=\"pagelayer-text-holder\" style=\"font-size: 14px;\"><p style=\"font-size: 14px;\"><span style=\"font-size: 14px; font-weight: bold;\">Naziv banke<\/span>: PBS banka<\/p><\/div><\/div><div pagelayer-id=\"8el5464\" class=\"p-8el5464 pagelayer-text\" style=\"font-family: Roboto, sans-serif; font-size: 14px; font-style: normal; font-weight: 400; transition-property: all; width: 799px;\"><div class=\"pagelayer-text-holder\" style=\"font-size: 14px;\"><p style=\"font-size: 14px;\"><span style=\"font-size: 14px; font-weight: bold;\">Mail<\/span>: ingsma2022@gmail.com<\/p><\/div><\/div><div pagelayer-id=\"4b95170\" class=\"p-4b95170 pagelayer-text\" style=\"font-family: Roboto, sans-serif; font-size: 14px; font-style: normal; font-weight: 400; transition-property: all; width: 799px;\"><div class=\"pagelayer-text-holder\" style=\"font-size: 14px;\"><p style=\"font-size: 14px;\"><span style=\"font-size: 14px; font-weight: bold;\">Kontakt broj<\/span>: 061579994 &#8211; Aida Smaji\u0107; 061314139 &#8211; Ervin Smaji\u0107<\/p><\/div><\/div><div pagelayer-id=\"u702733\" class=\"p-u702733 pagelayer-text\" style=\"font-family: Roboto, sans-serif; font-size: 14px; font-style: normal; font-weight: 400; transition-property: all; width: 799px;\"><div class=\"pagelayer-text-holder\" style=\"font-size: 14px;\"><p style=\"font-size: 14px;\"><span style=\"font-size: 14px; font-weight: bold;\">Adresa<\/span>: Ulica Alije Hod\u017ei\u0107a 5A, 73102 Gora\u017ede<\/p><\/div><\/div>\n\n\n\n\nUlica Alije Hod\u017ei\u0107a 5A, Gora\u017ede, BiH\n\n\n","protected":false},"excerpt":{"rendered":"","protected":false},"author":1,"featured_media":0,"parent":0,"menu_order":0,"comment_status":"closed","ping_status":"closed","template":"","meta":{"footnotes":""},"class_list":["post-749","page","type-page","status-publish","hentry"],"blog_post_layout_featured_media_urls":{"thumbnail":"","full":""},"categories_names":null,"comments_number":0,"wpmagazine_modules_lite_featured_media_urls":{"thumbnail":"","cvmm-medium":"","cvmm-medium-plus":"","cvmm-portrait":"","cvmm-medium-square":"","cvmm-large":"","cvmm-small":"","full":""},"_links":{"self":[{"href":"https:\/\/sah.ba\/index.php\/wp-json\/wp\/v2\/pages\/749","targetHints":{"allow":["GET"]}}],"collection":[{"href":"https:\/\/sah.ba\/index.php\/wp-json\/wp\/v2\/pages"}],"about":[{"href":"https:\/\/sah.ba\/index.php\/wp-json\/wp\/v2\/types\/page"}],"author":[{"embeddable":true,"href":"https:\/\/sah.ba\/index.php\/wp-json\/wp\/v2\/users\/1"}],"replies":[{"embeddable":true,"href":"https:\/\/sah.ba\/index.php\/wp-json\/wp\/v2\/comments?post=749"}],"version-history":[{"count":0,"href":"https:\/\/sah.ba\/index.php\/wp-json\/wp\/v2\/pages\/749\/revisions"}],"wp:attachment":[{"href":"https:\/\/sah.ba\/index.php\/wp-json\/wp\/v2\/media?parent=749"}],"curies":[{"name":"wp","href":"https:\/\/api.w.org\/{rel}","templated":true}]}}