{"id":841,"date":"2022-12-15T01:24:46","date_gmt":"2022-12-15T01:24:46","guid":{"rendered":"https:\/\/sah.ba\/?page_id=841"},"modified":"2023-02-23T19:49:34","modified_gmt":"2023-02-23T19:49:34","slug":"sk-zeljeznicar-sarajevo","status":"publish","type":"page","link":"https:\/\/sah.ba\/index.php\/sk-zeljeznicar-sarajevo\/","title":{"rendered":"\u0160K &#8220;\u017dELJEZNI\u010cAR&#8221;, Sarajevo"},"content":{"rendered":"\n\n\n<p pagelayer-id=\"b6f9802\" class=\"p-b6f9802 pagelayer-text\" style=\"font-family: Roboto, sans-serif; font-size: 14px; font-style: normal; transition-property: all; width: 799px;\"><p class=\"pagelayer-text-holder pagelayer-pen pagelayer-pen-focused\" style=\"font-size: 14px;\" pagelayer-editable=\"text\" contenteditable=\"true\"><p style=\"font-weight: 400; font-size: 14px;\"><strong>Predsjednik kluba:&nbsp;<\/strong>Rasim Zuko<\/p><\/p><\/p>\n<p style=\"font-weight: 400; font-size: 14px;\"><b style=\"font-family: inherit; font-style: inherit; background-color: transparent;\">Potpredsjednik kluba<\/b><span style=\"font-size: 14px; background-color: transparent;\">: E\u0161ef Korjeni\u0107<\/span><\/p>\n<p style=\"font-weight: 400; font-size: 14px;\"><span style=\"font-size: 14px; background-color: transparent;\"><\/span><strong style=\"font-size: 14px; background-color: transparent;\">Sekretar:&nbsp;<\/strong><span style=\"font-size: 14px; background-color: transparent;\">Nerman Ahmethod\u017ei\u0107<\/span><\/p>\n<p style=\"font-weight: 400; font-size: 14px;\"><span style=\"font-size: 14px; background-color: transparent;\"><\/span><strong style=\"font-size: 14px; background-color: transparent;\">Naziv banke:&nbsp;<\/strong><span style=\"font-size: 14px; background-color: transparent;\">Union bank dd Sarajevo<\/span><\/p>\n<p style=\"font-weight: 400; font-size: 14px;\"><span style=\"font-size: 14px; background-color: transparent;\"><\/span><strong style=\"font-size: 14px; background-color: transparent;\">Broj \u017eiro ra\u010duna:&nbsp;<\/strong><span style=\"font-size: 14px; background-color: transparent;\">1020500000040253<\/span><\/p>\n<p style=\"font-size: 14px;\"><span style=\"font-size: 14px; background-color: transparent;\"><\/span><span style=\"font-size: 14px; background-color: transparent; font-weight: bold;\">Broj telefona<\/span><span style=\"font-weight: 400; font-size: 14px; background-color: transparent;\">: <\/span><span style=\"font-weight: 400; font-size: 14px; background-color: transparent;\">061171497<\/span><\/p>\n<p style=\"font-size: 14px;\"><span style=\"font-weight: 400; font-size: 14px; background-color: transparent;\"><\/span><strong style=\"font-size: 14px; background-color: transparent;\">E-mail:&nbsp;<\/strong><span style=\"font-size: 14px; background-color: transparent;\">zeljeznicarsk@gmail.com<\/span><\/p>\n<p style=\"font-size: 14px;\"><span style=\"font-size: 14px; background-color: transparent;\"><\/span><strong style=\"font-size: 14px; background-color: transparent;\">Facebook stranica:&nbsp;&nbsp;<\/strong><span style=\"font-size: 14px; background-color: transparent;\"><strong><a href=\"https:\/\/www.facebook.com\/profile.php?id=100064119698462&amp;mibextid=LQQJ4d\">https:\/\/www.facebook.com\/profile.php?id=100064119698462&amp;mibextid=LQQJ4d<\/a><\/strong><\/span><\/p>\n<p style=\"font-size: 14px;\"><span style=\"font-size: 14px; background-color: transparent;\"><strong><a href=\"https:\/\/www.facebook.com\/profile.php?id=100064119698462&amp;mibextid=LQQJ4d\"><\/a><\/strong><\/span><strong style=\"font-size: 14px; background-color: transparent;\">Adresa:&nbsp;<\/strong><span style=\"font-size: 14px; background-color: transparent;\">Envera \u0160ehovi\u0107a br. 42, Sarajevo<\/span><\/p>\n\n\n\n\nEnvera \u0160ehovi\u0107a br. 42, Sarajevo, BiH\n\n\n","protected":false},"excerpt":{"rendered":"","protected":false},"author":1,"featured_media":0,"parent":0,"menu_order":0,"comment_status":"closed","ping_status":"closed","template":"","meta":{"footnotes":""},"class_list":["post-841","page","type-page","status-publish","hentry"],"blog_post_layout_featured_media_urls":{"thumbnail":"","full":""},"categories_names":null,"comments_number":0,"wpmagazine_modules_lite_featured_media_urls":{"thumbnail":"","cvmm-medium":"","cvmm-medium-plus":"","cvmm-portrait":"","cvmm-medium-square":"","cvmm-large":"","cvmm-small":"","full":""},"_links":{"self":[{"href":"https:\/\/sah.ba\/index.php\/wp-json\/wp\/v2\/pages\/841","targetHints":{"allow":["GET"]}}],"collection":[{"href":"https:\/\/sah.ba\/index.php\/wp-json\/wp\/v2\/pages"}],"about":[{"href":"https:\/\/sah.ba\/index.php\/wp-json\/wp\/v2\/types\/page"}],"author":[{"embeddable":true,"href":"https:\/\/sah.ba\/index.php\/wp-json\/wp\/v2\/users\/1"}],"replies":[{"embeddable":true,"href":"https:\/\/sah.ba\/index.php\/wp-json\/wp\/v2\/comments?post=841"}],"version-history":[{"count":0,"href":"https:\/\/sah.ba\/index.php\/wp-json\/wp\/v2\/pages\/841\/revisions"}],"wp:attachment":[{"href":"https:\/\/sah.ba\/index.php\/wp-json\/wp\/v2\/media?parent=841"}],"curies":[{"name":"wp","href":"https:\/\/api.w.org\/{rel}","templated":true}]}}